{"id":32,"date":"2025-08-04T12:10:03","date_gmt":"2025-08-04T12:10:03","guid":{"rendered":"https:\/\/vrsp.vrsa.lt\/?page_id=32"},"modified":"2025-10-14T12:50:49","modified_gmt":"2025-10-14T12:50:49","slug":"vykdomi-projektai","status":"publish","type":"page","link":"https:\/\/vrsp.vrsa.lt\/?page_id=32","title":{"rendered":"Vykdomi projektai"},"content":{"rendered":"\n<p>Pirm\u0105j\u012f iki 5 MWh \u012frengt\u0173 fotovoltini\u0173 moduli\u0173 galios ir 4,4 MWh leistinos generuoti \u012f tinkl\u0105 galios saul\u0117s park\u0105 Vilniaus rajone planuojama \u012frengti Juod\u0161ili\u0173 sen., Barki\u0161ki\u0173 k.<\/p>\n\n\n\n<p>Pirmosios V\u0160\u012e \u201eVilniaus rajono saul\u0117s parkas\u201c ant\u017eemin\u0117s saul\u0117s elektrin\u0117s projekt\u0105 galima vadinti i\u0161skirtiniu kuris, kartu su kitais Lietuvoje \u012fvykdytais projektais gali tapti pavyzd\u017eiu naudojant praeityje u\u017eter\u0161tas teritorijas AEI gamybai. Pirmasis Vilniaus rajono saul\u0117s parkas planuojamas buvusi\u0173 Val\u010di\u016bn\u0173 kaimo nuotek\u0173 valyklos infiltracini\u0173 lauk\u0173 teritorijoje, kurioje bus siekiama suderinti kapini\u0173, AEI gamybos ir vietos bendruomen\u0117s laisvalaikio veiklas, tokiu b\u016bdu ne\u0161ant naud\u0105 visuomenei ir gamtai.<\/p>\n\n\n\n<p>Pasta\u010dius saul\u0117s elektrin\u0119 planuojama pagaminti iki 5427495 kWh per metus ir sutapyti iki 2279 ton\u0173 \u0161iltnamio efekt\u0105 sukelian\u010di\u0173 duj\u0173 i\u0161metimo \u012f aplink\u0105.<\/p>\n\n\n\n<p>Bendras i\u0161metam\u0173 \u0160ESD kiekio suma\u017eini mas, t CO2e 48019,79 Metin\u0117 gamyba, kWh<\/p>\n\n\n\n<p><\/p>\n","protected":false},"excerpt":{"rendered":"<p>Pirm\u0105j\u012f iki 5 MWh \u012frengt\u0173 fotovoltini\u0173 moduli\u0173 galios ir 4,4 MWh leistinos generuoti \u012f tinkl\u0105 galios saul\u0117s park\u0105 Vilniaus rajone planuojama \u012frengti Juod\u0161ili\u0173 sen., Barki\u0161ki\u0173 k. Pirmosios V\u0160\u012e \u201eVilniaus rajono saul\u0117s parkas\u201c ant\u017eemin\u0117s saul\u0117s elektrin\u0117s projekt\u0105 galima vadinti i\u0161skirtiniu kuris, kartu su kitais Lietuvoje \u012fvykdytais projektais gali tapti pavyzd\u017eiu naudojant praeityje u\u017eter\u0161tas teritorijas AEI gamybai.&hellip;<\/p>\n<p class=\"more-link\"><a href=\"https:\/\/vrsp.vrsa.lt\/?page_id=32\" class=\"themebutton2\">Read More<\/a><\/p>\n","protected":false},"author":1,"featured_media":0,"parent":0,"menu_order":0,"comment_status":"closed","ping_status":"closed","template":"","meta":{"footnotes":""},"class_list":["post-32","page","type-page","status-publish","hentry"],"_links":{"self":[{"href":"https:\/\/vrsp.vrsa.lt\/index.php?rest_route=\/wp\/v2\/pages\/32","targetHints":{"allow":["GET"]}}],"collection":[{"href":"https:\/\/vrsp.vrsa.lt\/index.php?rest_route=\/wp\/v2\/pages"}],"about":[{"href":"https:\/\/vrsp.vrsa.lt\/index.php?rest_route=\/wp\/v2\/types\/page"}],"author":[{"embeddable":true,"href":"https:\/\/vrsp.vrsa.lt\/index.php?rest_route=\/wp\/v2\/users\/1"}],"replies":[{"embeddable":true,"href":"https:\/\/vrsp.vrsa.lt\/index.php?rest_route=%2Fwp%2Fv2%2Fcomments&post=32"}],"version-history":[{"count":2,"href":"https:\/\/vrsp.vrsa.lt\/index.php?rest_route=\/wp\/v2\/pages\/32\/revisions"}],"predecessor-version":[{"id":145,"href":"https:\/\/vrsp.vrsa.lt\/index.php?rest_route=\/wp\/v2\/pages\/32\/revisions\/145"}],"wp:attachment":[{"href":"https:\/\/vrsp.vrsa.lt\/index.php?rest_route=%2Fwp%2Fv2%2Fmedia&parent=32"}],"curies":[{"name":"wp","href":"https:\/\/api.w.org\/{rel}","templated":true}]}}